s of 92725611.
3, 11, 2809867
What are the prime factors of 126388488?
2, 3, 31, 257, 661
What are the prime factors of 264952846?
2, 31, 523, 8171
List the prime factors of 390094010.
2, 5, 39009401
List the prime factors of 155567269.
11, 13, 19, 31, 1847
List the prime factors of 13549405.
5, 179, 15139
List the prime factors of 2492488487.
61, 521, 78427
What are the prime factors of 1139822197?
463, 2461819
What are the prime factors of 2735429832?
2, 3, 31, 37, 61, 181
List the prime factors of 36787300.
2, 5, 11, 53, 631
List the prime factors of 284173860.
2, 3, 5, 4736231
List the prime factors of 564420047.
1063, 530969
What are the prime factors of 144457774?
2, 151, 211, 2267
What are the prime factors of 2129109?
3, 709703
What are the prime factors of 619091307?
3, 19, 59, 61363
What are the prime factors of 42046510?
2, 5, 11, 382241
What are the prime factors of 44693684?
2, 7, 43, 5303
List the prime factors of 323254201.
17, 19, 52673
List the prime factors of 1127982397.
191, 5905667
What are the prime factors of 1576863658?
2, 557, 1415497
List the prime factors of 695874494.
2, 7, 347, 143243
What are the prime factors of 2955074222?
2, 8353, 176887
What are the prime factors of 301913355?
3, 5, 157, 128201
What are the prime factors of 267127160?
2, 5, 673, 9923
What are the prime factors of 9313343574?
2, 3, 479, 3240551
What are the prime factors of 347216390?
2, 5, 83, 487, 859
List the prime factors of 3716112050.
2, 5, 7, 59, 179957
What are the prime factors of 37209240?
2, 3, 5, 131, 263
What are the prime factors of 558723669?
3, 7, 26605889
What are the prime factors of 116486659?
2797, 41647
What are the prime factors of 4103131?
23, 178397
List the prime factors of 73886511.
3, 23, 199, 5381
List the prime factors of 3379473458.
2, 43, 163, 491
What are the prime factors of 1824326703?
3, 293, 491, 1409
What are the prime factors of 1316933342?
2, 359, 719, 2551
What are the prime factors of 154091648?
2, 1203841
What are the prime factors of 987083407?
987083407
What are the prime factors of 79606737?
3, 7, 1263599
What are the prime factors of 36809921?
36809921
What are the prime factors of 135842471?
41, 193, 17167
List the prime factors of 40804867.
2671, 15277
What are the prime factors of 3816363915?
3, 5, 7, 13, 17, 4217
What are the prime factors of 567649895?
5, 113529979
What are the prime factors of 569634270?
2, 3, 5, 1609, 11801
List the prime factors of 1084087412.
2, 271021853
What are the prime factors of 1208219228?
2, 29, 59, 176537
What are the prime factors of 272190366?
2, 3, 7, 17, 83, 1531
What are the prime factors of 603919864?
2, 19, 43, 92399
List the prime factors of 1125549591.
3, 173, 2168689
What are the prime factors of 20279104?
2, 316861
What are the prime factors of 7127057835?
3, 5, 29, 1820449
What are the prime factors of 2453679476?
2, 337, 1820237
What are the prime factors of 44717198?
2, 23, 972113
What are the prime factors of 1509098115?
3, 5, 7, 43, 83, 4027
What are the prime factors of 768566669?
13, 59120513
List the prime factors of 75045710.
2, 5, 617, 12163
What are the prime factors of 2386065726?
2, 3, 11, 1069, 11273
What are the prime factors of 34570657?
11, 271, 11597
List the prime factors of 194483250.
2, 3, 5, 13, 61, 109
What are the prime factors of 70978701?
3, 601, 39367
What are the prime factors of 37698972?
2, 3, 313, 10037
List the prime factors of 20444986.
2, 1399, 7307
What are the prime factors of 215691987?
3, 7, 607, 16921
What are the prime factors of 639645842?
2, 11, 17, 47, 36389
What are the prime factors of 261261924?
2, 3, 7, 11, 31, 1303
What are the prime factors of 2185962507?
3, 242884723
What are the prime factors of 330531600?
2, 3, 5, 7, 19, 109
List the prime factors of 736227948.
2, 3, 1259, 48731
List the prime factors of 368056493.
7, 61, 359
List the prime factors of 127052409.
3, 11, 3850073
What are the prime factors of 157514166?
2, 3, 23, 126823
List the prime factors of 170778097.
7, 24396871
What are the prime factors of 132254609?
2423, 54583
List the prime factors of 9657251.
9657251
What are the prime factors of 2264151361?
53, 4373, 9769
What are the prime factors of 179395427?
12263, 14629
What are the prime factors of 15513880?
2, 5, 19, 137, 149
What are the prime factors of 2710635979?
4759, 569581
List the prime factors of 24180939.
3, 19, 41, 3449
List the prime factors of 267913050.
2, 3, 5, 1786087
List the prime factors of 274905555.
3, 5, 17, 349, 3089
List the prime factors of 12807978.
2, 3, 881, 2423
List the prime factors of 3485020792.
2, 11, 39602509
What are the prime factors of 2734547422?
2, 32119, 42569
List the prime factors of 4130464090.
2, 5, 337, 1225657
List the prime factors of 1070637464.
2, 13, 137, 163, 461
What are the prime factors of 26444639?
13, 17, 119659
What are the prime factors of 107811293?
107811293
List the prime factors of 183829372.
2, 109, 293, 1439
List the prime factors of 349915241.
13, 26916557
List the prime factors of 804575925.
3, 5, 3575893
List the prime factors of 21874871.
19, 31, 37139
What are the prime factors of 39048626?
2, 17, 1148489
What are the prime factors of 22984860?
2, 3, 5, 383081
What are the prime factors of 64631224?
2, 7, 1154129
List the prime factors of 483044492.
2, 7, 271, 63659
List the prime factors of 666081842.
2, 103, 3233407
List the prime factors of 443617603.
11, 13, 599, 5179
List the prime factors of 5627791647.
3, 7573, 82571
List the prime factors of 84794950.
2, 5, 1695899
List the prime factors of 156167921.
7, 13, 113, 15187
What are the prime factors of 55019572?
2, 13754893
List the prime factors of 267965837.
2579, 103903
List the prime factors of 22828745.
5, 4565749
What are the prime factors of 11157851?
269, 41479
List the prime factors of 5796802157.
5796802157
What are the prime factors of 74598670?
2, 5, 1459, 5113
What are the prime factors of 4671682954?
2, 941, 2482297
List the prime factors of 191113101.
3, 103, 22907
List the prime factors of 30807330.
2, 3, 5, 1026911
List the prime factors of 194764226.
2, 37, 2631949
What are the prime factors of 140756173?
140756173
List the prime factors of 321469380.
2, 3, 5, 31, 53, 1087
List the prime factors of 185583844.
2, 46395961
List the prime factors of 245968883.
151, 1628933
List the prime factors of 109171353.
3, 36390451
List the prime factors of 323599486.
2, 7, 23114249
What are the prime factors of 164660871?
3, 31, 1770547
List the prime factors of 1141491868.
2, 11, 25942997
What are the prime factors of 95043965?
5, 19008793
What are the prime factors of 789620205?
3, 5, 11, 1847, 2591
List the prime factors of 2498671009.
5711, 437519
List the prime factors of 27119436.
2, 3, 79, 28607
What are the prime factors of 81164061?
3, 11, 641, 1279
List the prime factors of 1721198.
2, 860599
List the prime factors of 1170052718.
2, 19, 59, 521879
What are the prime factors of 5911275756?
2, 3, 499, 719, 1373
What are the prime factors of 146209297?
13, 1663, 6763
What are the prime factors of 150729650?
2, 5, 17, 383, 463
List the prime factors of 5015631611.
883, 1879, 3023
What are the prime factors of 413006197?
29, 107, 167, 797
List the prime factors of 28924161.
3, 7, 28109
What are the prime factors of 92679931?
37, 67699
List the prime factors of 411454105.
5, 53, 1552657
What are the prime factors of 24837605?
5, 13, 382117
What are the prime factors of 333199446?
2, 3, 53, 61, 89, 193
What are the prime factors of 702357915?
3, 5, 7, 43, 71, 313
What are the prime factors of 126031243?
13, 745747
What are the prime factors of 5297390530?
2, 5, 5879, 90107
List the prime factors of 288435406.
2, 7, 107, 192547
What are the prime factors of 788561906?
2, 11, 35843723
What are the prime factors of 3944694257?
7, 877, 642563
List the prime factors of 3226573015.
5, 9887, 65269
What are the prime factors of 372362043?
3, 37, 3354613
What are the prime factors of 16569623?
7, 157, 15077
List the prime factors of 38450308.
2, 13, 379, 1951
What are the prime factors of 40394459?
7, 2017, 2861
What are the prime factors of 18259146?
2, 3, 1014397
List the prime factors of 5012410394.
2, 563, 2017, 2207
What are the prime factors of 645065980